1
Let o = 323 - 323. Suppose -9*w + 5990 + 2587 = o. List the prime factors of w.
953
Let u(j) = -4*j**3 - 50*j**2 + 24*j + 31. Let q be u(-13). Suppose -q*c + 61*c - 1944 = 0. What are the prime factors of c?
2, 3
Let l be ((-456)/95)/((-3)/(-40)). Let k = l + 69. Suppose 3*r = 3*m - 627, k*m + 3*r - 1085 = -0*m. What are the prime factors of m?
2, 107
Let z be (-26155)/(-5) - (-4)/((-16)/(-4)). Suppose 45*l = 33*l + z. What are the prime factors of l?
2, 109
Suppose q = 126 + 18. Let k be (21/(-196)*7)/((-9)/(-24)). List the prime factors of (k/(-2))/(((-15)/q)/(-5)).
2, 3
Let c = 34439 + -22595. List the prime factors of c.
2, 3, 7, 47
Suppose 34*i + 705454 - 4505974 = -58*i. List the prime factors of i.
2, 3, 5, 17
Suppose -a + 2 - 1 = -q, 0 = 4*q - 2*a - 2. Let o be (440/(-33))/(q/(-15)). Suppose 2*n - 292 = -o. What are the prime factors of n?
2, 3
Suppose -3*z - 291411 - 38281 = -25*z. What are the prime factors of z?
2, 59, 127
Suppose 3*b + 9 = 0, 4*u - 4*b - 10 - 10 = 0. Suppose -5*n = t - 544, -u*t - n + 1509 = 430. List the prime factors of t.
7, 11
Suppose 0 = 5*t - m - 123877, -31*t = -26*t - 5*m - 123905. What are the prime factors of t?
2, 3, 4129
What are the prime factors of 38112/3*(77/28 - 2)?
2, 3, 397
Suppose -3*r + 5*y - 412 = 0, 10*r - 268 = 12*r - 5*y. Let k = r + 393. List the prime factors of k.
3, 83
Let u = -611 - -606. List the prime factors of (-15 - 3/1)/(u/25).
2, 3, 5
Let r(l) = 389*l - 97. What are the prime factors of r(5)?
2, 3, 7, 11
Let h be (-9 + (-245)/(-21))*6/4. Suppose 10 = h*c - 10, -2*v = -c - 1501. List the prime factors of v.
3, 251
Suppose -25*t + 1088998 = 117*t. List the prime factors of t.
7669
Suppose -46*l - 40 = -45*l. Let w = 37 - l. Let c = w + -38. What are the prime factors of c?
3, 13
Let g = -64 - -69. Let k(c) = -c. Let m(u) = 28*u + 21. Let y(q) = g*k(q) + m(q). List the prime factors of y(5).
2, 17
Let z(n) = -n**2 - 16*n + 10. Let d be z(-16). Suppose 13 = s + d. Suppose 725 = -0*w + 5*w - s*l, 5*l = 25. List the prime factors of w.
2, 37
Let w(p) = -p**2 + 4*p - 1. Let o be w(2). Let g(s) = s**3 - s**2 - 4*s - 1. Let i be g(o). Suppose 2*v = i*v - 303. List the prime factors of v.
101
Suppose 7*r = 8*r, 3*l = 2*r - 13455. What are the prime factors of l/(-12) - 9/12?
373
List the prime factors of 2/(-8) - (11465208/96)/(-29).
2, 29, 71
Suppose -4*x + 16 = 0, -x + 308 = 2*w - 6*x. Let l = w - -466. List the prime factors of l.
2, 3, 5, 7
Suppose -250*c + 7432265 + 6054685 = 56*c. What are the prime factors of c?
5, 41, 43
Let q(o) = 3*o**2 + 9*o + 1. Let c be q(-26). Let a = c - 941. List the prime factors of a.
2, 7, 61
Suppose 4*a + 7 = 5*y - 25, -3*a = -2*y + 17. What are the prime factors of 2/9 - ((-211240)/90)/y?
587
Let n = 165 - 165. Suppose n*j - j = -3*o - 340, 5*o = -j + 364. List the prime factors of j.
349
Let k(y) = 5*y**3 + 5*y**2 - 17*y - 61. Let n be k(10). Let j = n - 3719. List the prime factors of j.
2, 5, 31
Let w = -66 + 102. Suppose -23*z = -w*z + 2717. List the prime factors of z.
11, 19
Let b(u) = 15*u + 16. Let d be b(3). Suppose 0 = -5*r + d + 804. List the prime factors of r.
173
Let y(v) = v**3 + 5*v**2 + 4*v + 5. Let m be y(-2). Let d(n) = -n**2 + 17*n - 3. What are the prime factors of d(m)?
3, 23
Let v = 10701 + -6381. Suppose -24*g + v = -14*g. What are the prime factors of g?
2, 3
Let h(g) = 50*g**2 + 45*g - 371. List the prime factors of h(12).
7369
Let u be 12 + -17 + -3 + 15. Suppose -u*t = 8*t - 1470. What are the prime factors of t?
2, 7
Suppose 5*n - 3*n = -h - 62, -2*h + 4 = 0. List the prime factors of ((-4326)/(-4))/3 - n/64.
19
Let s(j) be the first derivative of 5*j**3 + j**2/2 + 13. Let d be s(5). Suppose 4*w - 8*w = -d. List the prime factors of w.
5, 19
Let o = -67 + 388. Let m = 775 - o. What are the prime factors of m?
2, 227
Suppose -2*b = -4*n - 91066 + 7760, 0 = b + 2*n - 41641. What are the prime factors of b?
41647
Let k(z) = 327*z**3 + 12*z**2 - 22*z + 12. List the prime factors of k(4).
2, 5261
Let k(h) = 3*h**2 + 37*h + 7500. What are the prime factors of k(-157)?
2, 59, 641
Let l(b) = -7*b**2 + 19*b**2 - 15*b + 203 - 189. List the prime factors of l(5).
239
Suppose -m - 7*n + 13781 = 0, 4*m + 8*n - 55070 = 7*n. What are the prime factors of m?
3, 13, 353
Let n = -496 + 739. What are the prime factors of n?
3
Let u(w) = -7*w**3 - 7*w**2 - 5*w + 113. List the prime factors of u(-9).
2, 2347
Suppose -t + 6 = 2*t. Let s(n) = 30*n**2 + 5*n - 4. Let j be s(t). What are the prime factors of (-1 - 0) + j + (-8)/(-2)?
3, 43
What are the prime factors of 11/((-77)/35) - -1946 - 0?
3, 647
Let k(f) = f**3 + 11*f**2 + 10*f. Let z be k(-10). Suppose z*p = -3*p + 9. Suppose -v - 2*i - 77 = -2*v, -2*v - p*i = -147. List the prime factors of v.
3, 5
Let a(y) = -y**3 - 10*y**2 - 49*y - 534. List the prime factors of a(-19).
2, 1823
Let g(h) = 0*h**3 + 12 - 9*h**2 + 202*h + h**3 - 193*h. What are the prime factors of g(12)?
2, 3, 23
Let v be 0/(13/(78/(-18))). Suppose 3*r = 4*r - d - 1332, v = r - 5*d - 1316. List the prime factors of r.
2, 167
Suppose 2*a + 100 = -3*p - 2*p, -4*a - 2*p = 168. Let s = 45 + a. Suppose 84 = i - 4*l, s*i + 62 = 5*l + 557. What are the prime factors of i?
2, 13
Let t = 60 + -58. Suppose -2*h + 1 = -o - 2*o, 4*h - 14 = t*o. Suppose -h*j + 597 + 373 = 0. List the prime factors of j.
2, 97
Suppose -42*r + 25*r = -5746. Let g = 267 + r. List the prime factors of g.
5, 11
Let f = 16683 - 1901. What are the prime factors of f?
2, 19, 389
Let q(y) = 6*y - 25. Suppose 5*p + 53 = -2. Let v = 20 + p. List the prime factors of q(v).
29
Suppose -6*o - 7389 = 4449. Let n = o - -3706. List the prime factors of n.
1733
Let c = 26125 - 18608. What are the prime factors of c?
7517
Let g(d) = 2*d**2 + 12*d - 110. Let z be g(7). Suppose 3*i + z = 1272. What are the prime factors of i?
2, 5
Let p(l) be the first derivative of -79*l**2/2 - 126*l - 99. List the prime factors of p(-8).
2, 11, 23
Suppose 2*m + 76*z - 75*z - 11392 = 0, 0 = -4*m - 7*z + 22804. What are the prime factors of m?
2, 3, 13, 73
Let w be -82*(-5)/15*-3. Let q be -2*((-8)/12)/(4/267). Let u = w + q. List the prime factors of u.
7
What are the prime factors of (11 + -14 - -10038) + (1 - -1)?
10037
Suppose -12*y - 24115 = -17*y. Suppose 14*q - q - y = 0. What are the prime factors of q?
7, 53
Let q be (-53 + -146)*(1 - 5). Suppose 5*n - q = 649. What are the prime factors of n?
17
Let g(v) = -v**3 + 11*v**2 + 9*v + 5. Let f be g(-9). Suppose 0 = -32*z - f + 4168. List the prime factors of z.
2, 41
Suppose 17*f + 20 = 22*f. Suppose -20 + f = -4*d. Suppose 5*g = -2*r + r + 809, 2*g - 320 = -d*r. What are the prime factors of g?
2, 3
Suppose -5*l = -2*q + 3, 6*q - q + 3*l = -39. Let m(r) = r**3 + 4*r**2 - 14*r + 3. Let f be m(q). Suppose -2736 = -f*y - y. What are the prime factors of y?
3, 19
Let l = -34 + 35. Let y(j) = -7 - 8*j + 1 - j**3 - 11*j**2 + l - 2. List the prime factors of y(-11).
3
Let z be (-127*(17 - -1))/1. What are the prime factors of z/27*(4 - 10)?
2, 127
Let i = 13676 - 8089. What are the prime factors of i?
37, 151
Let m(z) = -51*z - 86. Let t be m(-2). Let b(p) = -p**2 + 23*p - 39. What are the prime factors of b(t)?
73
Suppose 12 = 4*m + 2*v, 3*v = 5*m - 0*v - 26. Suppose f - 2*g = -3, m*f - 7 = 2*g + 5. Suppose -f*a = 4*a - 360. What are the prime factors of a?
2, 5
Suppose -2*a = s - 133002, 79 - 119 = 5*s. What are the prime factors of a?
5, 47, 283
Let n = 5414 + -3824. What are the prime factors of n?
2, 3, 5, 53
Let b = -1393 + 2462. What are the prime factors of b?
1069
Let i = -7 + 4. Let c = 1786 + 390. List the prime factors of c/24 - 1/i.
7, 13
Let s = 404 + -129. Let f = s - -208. List the prime factors of f.
3, 7, 23
Let r = -149 - -154. Suppose 0 = -2*a + r*b + 544, -4*b - 553 - 249 = -3*a. What are the prime factors of a?
2, 131
Suppose -3*a + 2262 = -2661. What are the prime factors of a?
3, 547
Let a = -8 + 8. Suppose a = 3*h - 2*h - 40. Suppose 0 = -w - 5*g + h, w + 0*w - 44 = -3*g. What are the prime factors of w?
2, 5
Let f(g) = 14*g + 115. Let q be f(-8). Suppose a + 1597 = 3*v, -q*v + 7*a = 12*a - 1591. List the prime factors of v.
2, 7, 19
Let m(f) = -f**3 + 5*f**2 + 15*f - 2. Let o be m(7). Suppose 3*p - 5*v + 4 =